{"id":124,"date":"2020-07-19T13:57:27","date_gmt":"2020-07-19T13:57:27","guid":{"rendered":"http:\/\/hat.hist-soz.de\/wp-content\/uploads\/2020\/07\/a3.jpg"},"modified":"2020-07-19T14:06:27","modified_gmt":"2020-07-19T14:06:27","slug":"a3","status":"inherit","type":"attachment","link":"http:\/\/hat.hist-soz.de\/?attachment_id=124","title":{"rendered":"A3"},"author":1,"comment_status":"open","ping_status":"closed","template":"","meta":[],"description":{"rendered":"<p class=\"attachment\"><a href='http:\/\/hat.hist-soz.de\/wp-content\/uploads\/2020\/07\/a3.jpg'><img width=\"154\" height=\"116\" src=\"http:\/\/hat.hist-soz.de\/wp-content\/uploads\/2020\/07\/a3.jpg\" class=\"attachment-medium size-medium\" alt=\"\" loading=\"lazy\" \/><\/a><\/p>\n<p>Gr\u00f6\u00dfe: ca. 32,0 cm breit; 24,0 cm hoch (breiteste und h\u00f6chste Stelle) \/ Das Objekt besteht aus einem waagerechten schmalen Blech-Steg, dessen Enden jeweils zu einer horizontalen \u00d6se gedreht sind sowie zwei aus Blech ausgestanzten Ziffern (\u201e5\u201c), die im unteren Bereich leicht unterschiedlich dimensioniert sind. Beide Ziffern sind nebeneinander und spiegelsymmetrisch im Abstand von ca. 2,5 cm mittels Nieten auf dem Blech-Steg aufgebracht und bilden so die Zahl \u201e55\u201c, wobei sich die Niet-Befestigungen der beiden Ziffern voneinander unterscheiden. Die Ziffern sind auf ihrer Vorder- und R\u00fcckseite schwarz, der Blech-Steg an seinen sichtbaren Stellen wei\u00df lackiert. Eine Ausnahme bilden die r\u00fcckw\u00e4rtigen Stellen des Blech-Steges, die auf den Ziffernfl\u00e4chen liegen; sie sind analog zu letzteren ebenfalls schwarz lackiert. Das Objekt weist an mehreren Stellen Abplatzungen des Lacks und Ausbeulungen auf. Es diente als sogenannte Lichtnummer an Stra\u00dfenbahn-Triebwagen in Gro\u00df-Berlin und Berlin (West) zur Anzeige der Liniennummer.<\/p>\n"},"caption":{"rendered":"<p>Herkunft: Gro\u00df-Berlin ab 1920er Jahre \/ Berlin (West) bis 1967<\/p>\n"},"alt_text":"","media_type":"image","mime_type":"image\/jpeg","media_details":{"width":154,"height":116,"file":"2020\/07\/a3.jpg","sizes":{"thumbnail":{"file":"a3-150x116.jpg","width":150,"height":116,"mime_type":"image\/jpeg","source_url":"http:\/\/hat.hist-soz.de\/wp-content\/uploads\/2020\/07\/a3-150x116.jpg"},"full":{"file":"a3.jpg","width":154,"height":116,"mime_type":"image\/jpeg","source_url":"http:\/\/hat.hist-soz.de\/wp-content\/uploads\/2020\/07\/a3.jpg"}},"image_meta":{"aperture":"0","credit":"","camera":"","caption":"","created_timestamp":"0","copyright":"","focal_length":"0","iso":"0","shutter_speed":"0","title":"","orientation":"0","keywords":[]}},"post":68,"source_url":"http:\/\/hat.hist-soz.de\/wp-content\/uploads\/2020\/07\/a3.jpg","_links":{"self":[{"href":"http:\/\/hat.hist-soz.de\/index.php?rest_route=\/wp\/v2\/media\/124"}],"collection":[{"href":"http:\/\/hat.hist-soz.de\/index.php?rest_route=\/wp\/v2\/media"}],"about":[{"href":"http:\/\/hat.hist-soz.de\/index.php?rest_route=\/wp\/v2\/types\/attachment"}],"author":[{"embeddable":true,"href":"http:\/\/hat.hist-soz.de\/index.php?rest_route=\/wp\/v2\/users\/1"}],"replies":[{"embeddable":true,"href":"http:\/\/hat.hist-soz.de\/index.php?rest_route=%2Fwp%2Fv2%2Fcomments&post=124"}]}}

<p class="attachment"><a href='http://hat.hist-soz.de/wp-content/uploads/2020/07/a3.jpg'><img width="154" height="116" src="http://hat.hist-soz.de/wp-content/uploads/2020/07/a3.jpg" class="attachment-medium size-medium" alt="" loading="lazy" /></a></p>
<p>Größe: ca. 32,0 cm breit; 24,0 cm hoch (breiteste und höchste Stelle) / Das Objekt besteht aus einem waagerechten schmalen Blech-Steg, dessen Enden jeweils zu einer horizontalen Öse gedreht sind sowie zwei aus Blech ausgestanzten Ziffern („5“), die im unteren Bereich leicht unterschiedlich dimensioniert sind. Beide Ziffern sind nebeneinander und spiegelsymmetrisch im Abstand von ca. 2,5 cm mittels Nieten auf dem Blech-Steg aufgebracht und bilden so die Zahl „55“, wobei sich die Niet-Befestigungen der beiden Ziffern voneinander unterscheiden. Die Ziffern sind auf ihrer Vorder- und Rückseite schwarz, der Blech-Steg an seinen sichtbaren Stellen weiß lackiert. Eine Ausnahme bilden die rückwärtigen Stellen des Blech-Steges, die auf den Ziffernflächen liegen; sie sind analog zu letzteren ebenfalls schwarz lackiert. Das Objekt weist an mehreren Stellen Abplatzungen des Lacks und Ausbeulungen auf. Es diente als sogenannte Lichtnummer an Straßenbahn-Triebwagen in Groß-Berlin und Berlin (West) zur Anzeige der Liniennummer.</p>

<p>Herkunft: Groß-Berlin ab 1920er Jahre / Berlin (West) bis 1967</p>
