{"id":109,"date":"2020-07-19T13:57:12","date_gmt":"2020-07-19T13:57:12","guid":{"rendered":"http:\/\/hat.hist-soz.de\/wp-content\/uploads\/2020\/07\/c2.jpg"},"modified":"2020-07-19T14:13:59","modified_gmt":"2020-07-19T14:13:59","slug":"c2","status":"inherit","type":"attachment","link":"http:\/\/hat.hist-soz.de\/?attachment_id=109","title":{"rendered":"C2"},"author":1,"comment_status":"open","ping_status":"closed","template":"","meta":[],"description":{"rendered":"<p class=\"attachment\"><a href='http:\/\/hat.hist-soz.de\/wp-content\/uploads\/2020\/07\/c2.jpg'><img width=\"155\" height=\"226\" src=\"http:\/\/hat.hist-soz.de\/wp-content\/uploads\/2020\/07\/c2.jpg\" class=\"attachment-medium size-medium\" alt=\"\" loading=\"lazy\" \/><\/a><\/p>\n<p>Das Objekt ist ein B\u00fcste des K\u00f6nigs Ramsis II. Es ist ungef\u00e4hr 15 cm, 5 cm breit und 4 cm tief und ist aus wei\u00dfem Kalkstein gefertigt.\u00a0Das Gesicht ist rund und ein geflochtener\u00a0\u00a0k\u00fcnstlicher Kinnbart ist am Kinn befestigt. Der Kopf ist mit einem dreieckigen gestreiften Tuch umh\u00fcllt. Es bedeckt die Stirn und f\u00e4llt beidseitig \u00fcber die Ohren zur Brust herab. Der am Hinterkopf liegende Teil des Tuches ist am Nacken geflochten. Die beiden Streifen sind \u00fcber der Brust gefaltet. Auf der Stirn ist eine Schlange abgebildet.<\/p>\n"},"caption":{"rendered":"<p>Herkunft: China (Jahr unbekannt)<\/p>\n"},"alt_text":"","media_type":"image","mime_type":"image\/jpeg","media_details":{"width":155,"height":226,"file":"2020\/07\/c2.jpg","sizes":{"thumbnail":{"file":"c2-150x150.jpg","width":150,"height":150,"mime_type":"image\/jpeg","source_url":"http:\/\/hat.hist-soz.de\/wp-content\/uploads\/2020\/07\/c2-150x150.jpg"},"full":{"file":"c2.jpg","width":155,"height":226,"mime_type":"image\/jpeg","source_url":"http:\/\/hat.hist-soz.de\/wp-content\/uploads\/2020\/07\/c2.jpg"}},"image_meta":{"aperture":"0","credit":"","camera":"","caption":"","created_timestamp":"0","copyright":"","focal_length":"0","iso":"0","shutter_speed":"0","title":"","orientation":"0","keywords":[]}},"post":68,"source_url":"http:\/\/hat.hist-soz.de\/wp-content\/uploads\/2020\/07\/c2.jpg","_links":{"self":[{"href":"http:\/\/hat.hist-soz.de\/index.php?rest_route=\/wp\/v2\/media\/109"}],"collection":[{"href":"http:\/\/hat.hist-soz.de\/index.php?rest_route=\/wp\/v2\/media"}],"about":[{"href":"http:\/\/hat.hist-soz.de\/index.php?rest_route=\/wp\/v2\/types\/attachment"}],"author":[{"embeddable":true,"href":"http:\/\/hat.hist-soz.de\/index.php?rest_route=\/wp\/v2\/users\/1"}],"replies":[{"embeddable":true,"href":"http:\/\/hat.hist-soz.de\/index.php?rest_route=%2Fwp%2Fv2%2Fcomments&post=109"}]}}

<p class="attachment"><a href='http://hat.hist-soz.de/wp-content/uploads/2020/07/c2.jpg'><img width="155" height="226" src="http://hat.hist-soz.de/wp-content/uploads/2020/07/c2.jpg" class="attachment-medium size-medium" alt="" loading="lazy" /></a></p>
<p>Das Objekt ist ein Büste des Königs Ramsis II. Es ist ungefähr 15 cm, 5 cm breit und 4 cm tief und ist aus weißem Kalkstein gefertigt. Das Gesicht ist rund und ein geflochtener  künstlicher Kinnbart ist am Kinn befestigt. Der Kopf ist mit einem dreieckigen gestreiften Tuch umhüllt. Es bedeckt die Stirn und fällt beidseitig über die Ohren zur Brust herab. Der am Hinterkopf liegende Teil des Tuches ist am Nacken geflochten. Die beiden Streifen sind über der Brust gefaltet. Auf der Stirn ist eine Schlange abgebildet.</p>
