{"id":105,"date":"2020-07-19T13:57:08","date_gmt":"2020-07-19T13:57:08","guid":{"rendered":"http:\/\/hat.hist-soz.de\/wp-content\/uploads\/2020\/07\/c6.jpg"},"modified":"2020-07-23T14:32:48","modified_gmt":"2020-07-23T14:32:48","slug":"c6","status":"inherit","type":"attachment","link":"http:\/\/hat.hist-soz.de\/?attachment_id=105","title":{"rendered":"C6"},"author":1,"comment_status":"open","ping_status":"closed","template":"","meta":[],"description":{"rendered":"<p class=\"attachment\"><a href='http:\/\/hat.hist-soz.de\/wp-content\/uploads\/2020\/07\/c6.jpg'><img width=\"142\" height=\"190\" src=\"http:\/\/hat.hist-soz.de\/wp-content\/uploads\/2020\/07\/c6.jpg\" class=\"attachment-medium size-medium\" alt=\"\" loading=\"lazy\" \/><\/a><\/p>\n<p>Das Objekt ist eine verkleinerte B\u00fcste von Papst Johannes Paul II. Es ist ungef\u00e4hr 11,5 cm hoch, 8 cm breit und 6 cm tief und aus wei\u00dfem Kalkstein gefertigt. Die B\u00fcste stellt einen \u00e4lteren Mann dar. Er tr\u00e4gt ein Obergewand mit Knopfleiste und Schulterkragen (Soutane), eine flache Kopfbedeckung (Piloleus \/ Scheitelk\u00e4ppchen) und es sind die Ans\u00e4tze einer Kette zu erkennen. Der sanft l\u00e4chelnde Blick hat eine Blickrichtung mittig nach vorne. Es ist eine leichte Faltenbildung auf der Stirn, den Wangen und um die Augen zu erkennen. Die B\u00fcste steht auf einem rechteckigen Sockel und die R\u00fcckseite ist schulterabw\u00e4rts leicht ausgeh\u00f6hlt. Auf der unteren Vorderseite des Sockels gibt es eine Gravur: Giov. Paolo II.<\/p>\n"},"caption":{"rendered":"<p>Herkunft: Rom, Italien<\/p>\n"},"alt_text":"","media_type":"image","mime_type":"image\/jpeg","media_details":{"width":142,"height":190,"file":"2020\/07\/c6.jpg","sizes":{"thumbnail":{"file":"c6-142x150.jpg","width":142,"height":150,"mime_type":"image\/jpeg","source_url":"http:\/\/hat.hist-soz.de\/wp-content\/uploads\/2020\/07\/c6-142x150.jpg"},"full":{"file":"c6.jpg","width":142,"height":190,"mime_type":"image\/jpeg","source_url":"http:\/\/hat.hist-soz.de\/wp-content\/uploads\/2020\/07\/c6.jpg"}},"image_meta":{"aperture":"0","credit":"","camera":"","caption":"","created_timestamp":"0","copyright":"","focal_length":"0","iso":"0","shutter_speed":"0","title":"","orientation":"0","keywords":[]}},"post":68,"source_url":"http:\/\/hat.hist-soz.de\/wp-content\/uploads\/2020\/07\/c6.jpg","_links":{"self":[{"href":"http:\/\/hat.hist-soz.de\/index.php?rest_route=\/wp\/v2\/media\/105"}],"collection":[{"href":"http:\/\/hat.hist-soz.de\/index.php?rest_route=\/wp\/v2\/media"}],"about":[{"href":"http:\/\/hat.hist-soz.de\/index.php?rest_route=\/wp\/v2\/types\/attachment"}],"author":[{"embeddable":true,"href":"http:\/\/hat.hist-soz.de\/index.php?rest_route=\/wp\/v2\/users\/1"}],"replies":[{"embeddable":true,"href":"http:\/\/hat.hist-soz.de\/index.php?rest_route=%2Fwp%2Fv2%2Fcomments&post=105"}]}}

<p class="attachment"><a href='http://hat.hist-soz.de/wp-content/uploads/2020/07/c6.jpg'><img width="142" height="190" src="http://hat.hist-soz.de/wp-content/uploads/2020/07/c6.jpg" class="attachment-medium size-medium" alt="" loading="lazy" /></a></p>
<p>Das Objekt ist eine verkleinerte Büste von Papst Johannes Paul II. Es ist ungefähr 11,5 cm hoch, 8 cm breit und 6 cm tief und aus weißem Kalkstein gefertigt. Die Büste stellt einen älteren Mann dar. Er trägt ein Obergewand mit Knopfleiste und Schulterkragen (Soutane), eine flache Kopfbedeckung (Piloleus / Scheitelkäppchen) und es sind die Ansätze einer Kette zu erkennen. Der sanft lächelnde Blick hat eine Blickrichtung mittig nach vorne. Es ist eine leichte Faltenbildung auf der Stirn, den Wangen und um die Augen zu erkennen. Die Büste steht auf einem rechteckigen Sockel und die Rückseite ist schulterabwärts leicht ausgehöhlt. Auf der unteren Vorderseite des Sockels gibt es eine Gravur: Giov. Paolo II.</p>
